26
In base 14, what is 10b - -4?
111
In base 7, what is -63252 - 0?
-63252
In base 6, what is -5 - -323?
314
In base 16, what is 5 - 12?
-d
In base 10, what is 15 - 12?
3
In base 11, what is -1944 + -4?
-1948
In base 15, what is -3 + 130?
12c
In base 9, what is 60 + -17?
42
In base 2, what is 11001 + -11?
10110
In base 16, what is -d25 - 1?
-d26
In base 10, what is -1205 - 6?
-1211
In base 11, what is -105 + 4?
-101
In base 11, what is -601 - -1?
-600
In base 2, what is 10 + 100011100101?
100011100111
In base 9, what is -3 + -7556?
-7560
In base 3, what is 2 - -11202?
11211
In base 4, what is 22 + -1012?
-330
In base 13, what is 6 + -7c8?
-7c2
In base 8, what is 227 - -4?
233
In base 11, what is 2 - -15a8?
15aa
In base 10, what is -86 + 119?
33
In base 8, what is -10053 - -2?
-10051
In base 9, what is -41 - -427?
376
In base 15, what is -907 + -5?
-90c
In base 4, what is 3 - -121231?
121300
In base 13, what is -81 + -a?
-8b
In base 5, what is -241 - 13?
-304
In base 11, what is 1a9a + -1?
1a99
In base 11, what is 7 + -10?
-4
In base 11, what is -3aa + -5?
-404
In base 9, what is 200 - 6?
183
In base 6, what is 5455 + -2?
5453
In base 2, what is 100 - 1100010?
-1011110
In base 6, what is 1142404 + -3?
1142401
In base 5, what is -203223 + 10?
-203213
In base 4, what is 3 + -12?
-3
In base 3, what is 10 - -202?
212
In base 6, what is -11320 + 3?
-11313
In base 10, what is -1 - -1136?
1135
In base 15, what is -3 + -3cb?
-3ce
In base 3, what is -210 + -10001?
-10211
In base 5, what is -2 - 43?
-100
In base 4, what is -10 - 1200032?
-1200102
In base 4, what is 101010 + -11?
100333
In base 7, what is 212 - 120?
62
In base 4, what is 1223021 + 0?
1223021
In base 9, what is -3445 - 0?
-3445
In base 13, what is 2 + -7c?
-7a
In base 6, what is -14 - -15?
1
In base 11, what is -5a - -47?
-13
In base 5, what is -12012 - 4?
-12021
In base 10, what is -195 + -35?
-230
In base 8, what is -15 - -13?
-2
In base 3, what is 22 + 1102?
1201
In base 5, what is -113 - 2?
-120
In base 4, what is -1102 - 2?
-1110
In base 15, what is -1e3 + -4?
-1e7
In base 13, what is 4 + -22?
-1b
In base 13, what is 5 - -a9?
b1
In base 2, what is 101010001 - 1101?
101000100
In base 15, what is -5 + -a7?
-ac
In base 6, what is -235 - -10?
-225
In base 15, what is 2 + 21?
23
In base 3, what is -12021 - 1021?
-20112
In base 3, what is 221 + 10?
1001
In base 6, what is -13 + -14?
-31
In base 13, what is 7 - -71?
78
In base 9, what is -13 - -1830?
1816
In base 2, what is 111100 - -1010111?
10010011
In base 4, what is -10 + 3000?
2330
In base 10, what is 3483 + -3?
3480
In base 16, what is 5 - 51?
-4c
In base 11, what is 31 + 1?
32
In base 16, what is -1 - ef?
-f0
In base 7, what is 126 + 2?
131
In base 8, what is 541 + 6?
547
In base 3, what is -2 + -122211?
-122220
In base 6, what is -14 + -30?
-44
In base 8, what is -13 + -3?
-16
In base 16, what is -663 + -5?
-668
In base 3, what is 200 + -1100?
-200
In base 13, what is 466 + -6?
460
In base 11, what is 9 - 1127?
-1119
In base 13, what is -5 + 64?
5c
In base 8, what is -2642 - 1?
-2643
In base 6, what is -330 - 1?
-331
In base 9, what is 810 - 11?
788
In base 16, what is -1e + 2?
-1c
In base 12, what is 7 - 194?
-189
In base 2, what is -1101111 - 110?
-1110101
In base 8, what is 2 - 60?
-56
In base 15, what is 4 + -25a1?
-259c
In base 12, what is 40 - 2?
3a
In base 9, what is -613 - -3?
-610
In base 11, what is -5 - 9?
-13
In base 4, what is 233 + -30?
203
In base 6, what is -35441 + 3?
-35434
In base 13, what is 2 + -28?
-26
In base 14, what is -353 - 17?
-36a
In base 16, what is -11a + f?
-10b
In base 11, what is 37716 - -1?
37717
In base 5, what is -1340 + 4?
-1331
In base 15, what is -2e3 + 4?
-2de
In base 9, what is -201 - -11?
-180
In base 8, what is 3 - 0?
3
In base 5, what is 212324 + 3?
212332
In base 8, what is 4 - 35?
-31
In base 14, what is -2b + 5?
-26
In base 5, what is -120 + 3231?
3111
In base 16, what is 1a7c + 0?
1a7c
In base 8, what is -407 + -24?
-433
In base 13, what is -252 + -4?
-256
In base 4, what is -20 + 20?
0
In base 16, what is 7c - -3e?
ba
In base 8, what is 113 - 5?
106
In base 5, what is -244 - -10?
-234
In base 7, what is 4 - 436?
-432
In base 8, what is 246 - -4?
252
In base 2, what is -101001101101 + 0?
-101001101101
In base 14, what is 322d - -2?
3231
In base 13, what is 17569 - -2?
1756b
In base 4, what is 1 + 121212?
121213
In base 2, what is 1101100001 - 101?
1101011100
In base 2, what is -111 - -10100000?
10011001
In base 4, what is -3 + 30?
21
In base 5, what is 103 - -11?
114
In base 9, what is -4 + -18?
-23
In base 4, what is -101031 + 0?
-101031
In base 15, what is -289 - 3?
-28c
In base 14, what is 2 + d1?
d3
In base 6, what is -414 - 10?
-424
In base 3, what is -22 - -1122202?
1122110
In base 12, what is 56 - 11?
45
In base 13, what is 3 - -126?
129
In base 6, what is -45 + 2?
-43
In base 12, what is 4 + -4?
0
In base 14, what is 25 - -2?
27
In base 13, what is 9a + -1?
99
In base 4, what is -3023 - 2?
-3031
In base 14, what is -1 - 70?
-71
In base 11, what is a + -a7?
-98
In base 7, what is 10 + 3505?
3515
In base 4, what is 1213 - -32?
1311
In base 6, what is 5 + -233?
-224
In base 4, what is -210 + -10300?
-11110
In base 16, what is -103 + 6?
-fd
In base 4, what is -132 + 21?
-111
In base 4, what is 3233 - 10?
3223
In base 15, what is -3 + -6b?
-6e
In base 16, what is -4a - -1?
-49
In base 2, what is 10 + 1000001?
1000011
In base 6, what is -3 - 104?
-111
In base 6, what is 22 + 520?
542
In base 13, what is 6 + 19?
22
In base 13, what is -5 - 117?
-11c
In base 7, what is 22 - 13?
6
In base 10, what is 5 + -872?
-867
In base 6, what is 1 + 212?
213
In base 16, what is 1 + 8a?
8b
In base 8, what is -6 + -77?
-105
In base 5, what is 0 + 121?
121
In base 11, what is 9 - 122?
-114
In base 2, what is 110001110 + -10?
110001100
In base 7, what is -2022 - 4?
-2026
In base 10, what is 0 - -902?
902
In base 14, what is 2 - d0?
-cc
In base 2, what is -11001000 - 101?
-11001101
In base 12, what is -1097 - -4?
-1093
In base 6, what is -45 - -440?
351
In base 8, what is 4 + -1133?
-1127
In base 15, what is -b - -5?
-6
In base 3, what is 0 + -20202?
-20202
In base 11, what is 86 - 7?
7a
In base 2, what is 11111 - -101?
100100
In base 5, what is 100344 - -10?
100404
In base 5, what is 10 - -1010?
1020
In base 14, what is -500 - -4?
-4da
In base 16, what is d - -92?
9f
In base 2, what is 101 - 1010111?
-1010010
In base 4, what is -11 + -201?
-212
In base 15, what is 371 + 0?
371
In base 10, what is 30 + 157?
187
In base 15, what is -10c1 - -5?
-10bb
In base 4, what is -1200 + 3?
-1131
In base 4, what is -33 + -3103?
-3202
In base 10, what is 1 - -34?
35
In base 12, what is -608 + 1?
-607
In base 2, what is 10 + -10110000?
-10101110
In base 15, what is e9c - -1?
e9d
In base 11, what is 10a9 - -1?
10aa
In base 7, what is -655 + -12?
-1000
In base 2, what is 110 - 10011011?
-10010101
In base 9, what is -5 - 11?
-16
In base 10, what is 258 - 6?
252
In base 8, what is 5 + 2522?
2527
In base 14, what is 1c + -47?
-29
In base 4, what is -1001 + -10?
-1011
In base 15, what is c + 7?
14
In base 5, what is -2043 + 0?
-2043
In base 11, what is -895 + 2?
-893
In base 13, what is 106 + -5?
101
In base 10, what is -3334 + 3?
-3331
In base 9, what is 2 + -45?
-43
In base 11, what is 47a0 + 2?
47a2
In base 15, what is 4 - 1e?
-1a
In base 2, what is -111111 - 100?
-1000011
In base 6, what is -50 - 523?
-1013
In base 12, what is 27 + 235?
260
In base 15, what is 7 + -123?
-11b
In base 6, what is -4 - 40?
-44
In base 9, what is 4 - 2370?
-2365
In base 9, what is -2078 - -2?
-2076
In base 4, what is 2011223 + -10?
2011213
In base 2, what is 10 - -11111000?
11111010
In base 14, what is -1c + -2?
-20
In base 12, what is 79 + -1?
78
In base 3, what is 121 - -21?
212
In base 15, what is -1d + -d?
-2b
In base 12, what is -61 - -10?
-51
In base 5, what is -4 + 1343?
1334
In base 6, what is 2030 + -3?
2023
In base 15, what is e7c + 1?
e7d
In base 11, what is 68 - 2?
66
In base 12, what is 5 - -47?
50
In base 8, what is 53 - 11?
42
In base 12, what is 19a6 + 13?
19b9
In base 8, what is 2 + 313?
315
In base 2, what is 10011011101001 + 101?
10011011101110
In base 4, what is 12 - 10012?
-10000
In base 16, what is -52b - -1?
-52a
